{"id":259,"date":"2023-04-30T18:52:25","date_gmt":"2023-04-30T18:52:25","guid":{"rendered":"https:\/\/www.ptpi.pl\/?page_id=259"},"modified":"2023-08-01T13:22:20","modified_gmt":"2023-08-01T13:22:20","slug":"materialy","status":"publish","type":"page","link":"https:\/\/www.ptpi.pl\/index.php\/materialy\/","title":{"rendered":"Materia\u0142y"},"content":{"rendered":"\n<figure class=\"wp-block-image aligncenter size-full is-resized\"><a href=\"https:\/\/linktr.ee\/ptpi_pl\"><img loading=\"lazy\" decoding=\"async\" src=\"https:\/\/www.ptpi.pl\/wp-content\/uploads\/2023\/06\/Zrzut-ekranu-2023-06-7-o-18.10.40.png\" alt=\"\" class=\"wp-image-356\" width=\"740\" height=\"513\" srcset=\"https:\/\/www.ptpi.pl\/wp-content\/uploads\/2023\/06\/Zrzut-ekranu-2023-06-7-o-18.10.40.png 819w, https:\/\/www.ptpi.pl\/wp-content\/uploads\/2023\/06\/Zrzut-ekranu-2023-06-7-o-18.10.40-300x208.png 300w, https:\/\/www.ptpi.pl\/wp-content\/uploads\/2023\/06\/Zrzut-ekranu-2023-06-7-o-18.10.40-768x533.png 768w\" sizes=\"auto, (max-width: 740px) 100vw, 740px\" \/><\/a><\/figure>\n\n\n\n<p> <\/p>\n\n\n\n<div class=\"wp-block-group alignfull has-ti-fg-alt-color has-ti-accent-background-color has-text-color has-background is-layout-constrained wp-container-core-group-is-layout-3 wp-block-group-is-layout-constrained\" style=\"margin-top:0px;margin-bottom:0px;padding-top:64px;padding-bottom:64px\">\n<div class=\"wp-block-group alignwide is-layout-flow wp-container-core-group-is-layout-2 wp-block-group-is-layout-flow\">\n<div class=\"wp-block-group is-layout-flow wp-container-core-group-is-layout-1 wp-block-group-is-layout-flow\">\n<h1 class=\"wp-block-heading has-text-align-center has-huge-font-size\">Cewniki po\u015bredniej d\u0142ugo\u015bci<\/h1>\n\n\n\n<p class=\"has-text-align-center has-large-font-size\">Algorytmy post\u0119powania<\/p>\n<\/div>\n<\/div>\n<\/div>\n\n\n\n<div class=\"wp-block-columns is-layout-flex wp-container-core-columns-is-layout-1 wp-block-columns-is-layout-flex\">\n<div class=\"wp-block-column is-layout-flow wp-block-column-is-layout-flow\" style=\"flex-basis:33.33%\">\n<figure class=\"wp-block-image aligncenter size-full is-resized\"><img loading=\"lazy\" decoding=\"async\" src=\"https:\/\/www.ptpi.pl\/wp-content\/uploads\/2023\/04\/Zrzut-ekranu-2023-04-30-o-20.40.17.png\" alt=\"\" class=\"wp-image-260\" width=\"75\" height=\"161\" srcset=\"https:\/\/www.ptpi.pl\/wp-content\/uploads\/2023\/04\/Zrzut-ekranu-2023-04-30-o-20.40.17.png 301w, https:\/\/www.ptpi.pl\/wp-content\/uploads\/2023\/04\/Zrzut-ekranu-2023-04-30-o-20.40.17-140x300.png 140w\" sizes=\"auto, (max-width: 75px) 100vw, 75px\" \/><\/figure>\n<\/div>\n\n\n\n<div class=\"wp-block-column is-layout-flow wp-block-column-is-layout-flow\" style=\"flex-basis:66.66%\">\n<p>Dost\u0119p po\u015bredniej d\u0142ugo\u015bci (ang. midline catheter) &#8211; zalecenia post\u0119powania podczas prowadzenia infuzji<\/p>\n\n\n\n<p>Pobierz PDF do druku: <\/p>\n\n\n\n<div data-wp-interactive=\"core\/file\" class=\"wp-block-file\"><object data-wp-bind--hidden=\"!state.hasPdfPreview\" hidden class=\"wp-block-file__embed\" data=\"https:\/\/www.ptpi.pl\/wp-content\/uploads\/2023\/04\/PTPI-Dostep-posredni.-Infuzja.pdf\" type=\"application\/pdf\" style=\"width:100%;height:600px\" aria-label=\"Osadzone z PTPI-Dostep-posredni.-Infuzja.\"><\/object><a id=\"wp-block-file--media-58ce2620-f393-4943-b62c-c11766168592\" href=\"https:\/\/www.ptpi.pl\/wp-content\/uploads\/2023\/04\/PTPI-Dostep-posredni.-Infuzja.pdf\">PTPI-Dostep-posredni.-Infuzja<\/a><a href=\"https:\/\/www.ptpi.pl\/wp-content\/uploads\/2023\/04\/PTPI-Dostep-posredni.-Infuzja.pdf\" class=\"wp-block-file__button wp-element-button\" download aria-describedby=\"wp-block-file--media-58ce2620-f393-4943-b62c-c11766168592\">Pobierz<\/a><\/div>\n<\/div>\n<\/div>\n\n\n\n<div class=\"wp-block-columns is-layout-flex wp-container-core-columns-is-layout-2 wp-block-columns-is-layout-flex\">\n<div class=\"wp-block-column is-layout-flow wp-block-column-is-layout-flow\" style=\"flex-basis:33.33%\">\n<figure class=\"wp-block-image aligncenter size-full is-resized\"><img loading=\"lazy\" decoding=\"async\" src=\"https:\/\/www.ptpi.pl\/wp-content\/uploads\/2023\/04\/Zrzut-ekranu-2023-04-30-o-20.49.46.png\" alt=\"\" class=\"wp-image-262\" width=\"61\" height=\"156\" srcset=\"https:\/\/www.ptpi.pl\/wp-content\/uploads\/2023\/04\/Zrzut-ekranu-2023-04-30-o-20.49.46.png 245w, https:\/\/www.ptpi.pl\/wp-content\/uploads\/2023\/04\/Zrzut-ekranu-2023-04-30-o-20.49.46-118x300.png 118w\" sizes=\"auto, (max-width: 61px) 100vw, 61px\" \/><\/figure>\n<\/div>\n\n\n\n<div class=\"wp-block-column is-layout-flow wp-block-column-is-layout-flow\" style=\"flex-basis:66.66%\">\n<p>Dost\u0119p po\u015bredniej d\u0142ugo\u015bci (ang. midline catheter) &#8211; zalecenia zmiany systemu mocuj\u0105cego<\/p>\n\n\n\n<p>Pobierz PDF do druku: <\/p>\n\n\n\n<div data-wp-interactive=\"core\/file\" class=\"wp-block-file\"><object data-wp-bind--hidden=\"!state.hasPdfPreview\" hidden class=\"wp-block-file__embed\" data=\"https:\/\/www.ptpi.pl\/wp-content\/uploads\/2023\/04\/PTPI-Dostep-posredni.-Zmiana-systemu-bezszwowego.pdf\" type=\"application\/pdf\" style=\"width:100%;height:600px\" aria-label=\"Osadzone z PTPI-Dostep-posredni.-Zmiana-systemu-bezszwowego.\"><\/object><a id=\"wp-block-file--media-58ce2620-f393-4943-b62c-c11766168592\" href=\"https:\/\/www.ptpi.pl\/wp-content\/uploads\/2023\/04\/PTPI-Dostep-posredni.-Zmiana-systemu-bezszwowego.pdf\">PTPI-Dostep-posredni.-Zmiana-systemu-bezszwowego<\/a><a href=\"https:\/\/www.ptpi.pl\/wp-content\/uploads\/2023\/04\/PTPI-Dostep-posredni.-Zmiana-systemu-bezszwowego.pdf\" class=\"wp-block-file__button wp-element-button\" download aria-describedby=\"wp-block-file--media-58ce2620-f393-4943-b62c-c11766168592\">Pobierz<\/a><\/div>\n<\/div>\n<\/div>\n\n\n\n<div class=\"wp-block-columns is-layout-flex wp-container-core-columns-is-layout-3 wp-block-columns-is-layout-flex\">\n<div class=\"wp-block-column is-layout-flow wp-block-column-is-layout-flow\" style=\"flex-basis:33.33%\">\n<figure class=\"wp-block-image aligncenter size-full\"><img loading=\"lazy\" decoding=\"async\" width=\"390\" height=\"565\" src=\"https:\/\/www.ptpi.pl\/wp-content\/uploads\/2023\/08\/Zrzut-ekranu-2023-08-1-o-15.18.17.png\" alt=\"\" class=\"wp-image-538\" srcset=\"https:\/\/www.ptpi.pl\/wp-content\/uploads\/2023\/08\/Zrzut-ekranu-2023-08-1-o-15.18.17.png 390w, https:\/\/www.ptpi.pl\/wp-content\/uploads\/2023\/08\/Zrzut-ekranu-2023-08-1-o-15.18.17-207x300.png 207w\" sizes=\"auto, (max-width: 390px) 100vw, 390px\" \/><\/figure>\n<\/div>\n\n\n\n<div class=\"wp-block-column is-layout-flow wp-block-column-is-layout-flow\" style=\"flex-basis:66.66%\">\n<p>Dost\u0119p po\u015bredniej d\u0142ugo\u015bci (ang. midline catheter) &#8211; zalecenia piel\u0119gnacji dla personelu medycznego<\/p>\n\n\n\n<p>Pobierz PDF do druku: <\/p>\n\n\n\n<div data-wp-interactive=\"core\/file\" class=\"wp-block-file\"><object data-wp-bind--hidden=\"!state.hasPdfPreview\" hidden class=\"wp-block-file__embed\" data=\"https:\/\/www.ptpi.pl\/wp-content\/uploads\/2023\/08\/Plakat-info-dla-oddzialow-2-2.pdf\" type=\"application\/pdf\" style=\"width:100%;height:600px\" aria-label=\"Osadzone z Plakat info dla oddzia\u0142\u00f3w 2-2.\"><\/object><a id=\"wp-block-file--media-58ce2620-f393-4943-b62c-c11766168592\" href=\"https:\/\/www.ptpi.pl\/wp-content\/uploads\/2023\/08\/Plakat-info-dla-oddzialow-2-2.pdf\">Plakat info dla oddzia\u0142\u00f3w 2-2<\/a><a href=\"https:\/\/www.ptpi.pl\/wp-content\/uploads\/2023\/08\/Plakat-info-dla-oddzialow-2-2.pdf\" class=\"wp-block-file__button wp-element-button\" download aria-describedby=\"wp-block-file--media-58ce2620-f393-4943-b62c-c11766168592\">Pobierz<\/a><\/div>\n<\/div>\n<\/div>\n\n\n\n<div class=\"wp-block-columns is-layout-flex wp-container-core-columns-is-layout-4 wp-block-columns-is-layout-flex\">\n<div class=\"wp-block-column is-layout-flow wp-block-column-is-layout-flow\" style=\"flex-basis:33.33%\">\n<figure class=\"wp-block-image aligncenter size-full\"><img loading=\"lazy\" decoding=\"async\" width=\"432\" height=\"632\" src=\"https:\/\/www.ptpi.pl\/wp-content\/uploads\/2023\/08\/Zrzut-ekranu-2023-08-1-o-15.20.39.png\" alt=\"\" class=\"wp-image-539\" srcset=\"https:\/\/www.ptpi.pl\/wp-content\/uploads\/2023\/08\/Zrzut-ekranu-2023-08-1-o-15.20.39.png 432w, https:\/\/www.ptpi.pl\/wp-content\/uploads\/2023\/08\/Zrzut-ekranu-2023-08-1-o-15.20.39-205x300.png 205w\" sizes=\"auto, (max-width: 432px) 100vw, 432px\" \/><\/figure>\n<\/div>\n\n\n\n<div class=\"wp-block-column is-layout-flow wp-block-column-is-layout-flow\" style=\"flex-basis:66.66%\">\n<p>Dost\u0119p po\u015bredniej d\u0142ugo\u015bci (ang. midline catheter) &#8211; zalecenia piel\u0119gnacji dla personelu medycznego: Q&amp;A<\/p>\n\n\n\n<p>Pobierz PDF do druku: <\/p>\n\n\n\n<div data-wp-interactive=\"core\/file\" class=\"wp-block-file\"><object data-wp-bind--hidden=\"!state.hasPdfPreview\" hidden class=\"wp-block-file__embed\" data=\"https:\/\/www.ptpi.pl\/wp-content\/uploads\/2023\/08\/Plakat-info-dla-oddzialow.pdf\" type=\"application\/pdf\" style=\"width:100%;height:600px\" aria-label=\"Osadzone z Plakat info dla oddzia\u0142\u00f3w.\"><\/object><a id=\"wp-block-file--media-58ce2620-f393-4943-b62c-c11766168592\" href=\"https:\/\/www.ptpi.pl\/wp-content\/uploads\/2023\/08\/Plakat-info-dla-oddzialow.pdf\">Plakat info dla oddzia\u0142\u00f3w<\/a><a href=\"https:\/\/www.ptpi.pl\/wp-content\/uploads\/2023\/08\/Plakat-info-dla-oddzialow.pdf\" class=\"wp-block-file__button wp-element-button\" download aria-describedby=\"wp-block-file--media-58ce2620-f393-4943-b62c-c11766168592\">Pobierz<\/a><\/div>\n<\/div>\n<\/div>\n\n\n\n<div class=\"wp-block-columns is-layout-flex wp-container-core-columns-is-layout-5 wp-block-columns-is-layout-flex\">\n<div class=\"wp-block-column is-layout-flow wp-block-column-is-layout-flow\" style=\"flex-basis:33.33%\">\n<figure class=\"wp-block-image aligncenter size-full\"><img loading=\"lazy\" decoding=\"async\" width=\"457\" height=\"668\" src=\"https:\/\/www.ptpi.pl\/wp-content\/uploads\/2023\/08\/Zrzut-ekranu-2023-08-1-o-15.22.08.png\" alt=\"\" class=\"wp-image-540\" srcset=\"https:\/\/www.ptpi.pl\/wp-content\/uploads\/2023\/08\/Zrzut-ekranu-2023-08-1-o-15.22.08.png 457w, https:\/\/www.ptpi.pl\/wp-content\/uploads\/2023\/08\/Zrzut-ekranu-2023-08-1-o-15.22.08-205x300.png 205w\" sizes=\"auto, (max-width: 457px) 100vw, 457px\" \/><\/figure>\n<\/div>\n\n\n\n<div class=\"wp-block-column is-layout-flow wp-block-column-is-layout-flow\" style=\"flex-basis:66.66%\">\n<p>Trudny dost\u0119p do\u017cylny &#8211; zalecenia dla personelu medycznego<\/p>\n\n\n\n<p>Pobierz PDF do druku: <\/p>\n\n\n\n<div data-wp-interactive=\"core\/file\" class=\"wp-block-file\"><object data-wp-bind--hidden=\"!state.hasPdfPreview\" hidden class=\"wp-block-file__embed\" data=\"https:\/\/www.ptpi.pl\/wp-content\/uploads\/2023\/08\/Plakat-info-dla-oddzialow-3.pdf\" type=\"application\/pdf\" style=\"width:100%;height:600px\" aria-label=\"Osadzone z Plakat info dla oddzia\u0142\u00f3w 3.\"><\/object><a id=\"wp-block-file--media-58ce2620-f393-4943-b62c-c11766168592\" href=\"https:\/\/www.ptpi.pl\/wp-content\/uploads\/2023\/08\/Plakat-info-dla-oddzialow-3.pdf\">Plakat info dla oddzia\u0142\u00f3w 3<\/a><a href=\"https:\/\/www.ptpi.pl\/wp-content\/uploads\/2023\/08\/Plakat-info-dla-oddzialow-3.pdf\" class=\"wp-block-file__button wp-element-button\" download aria-describedby=\"wp-block-file--media-58ce2620-f393-4943-b62c-c11766168592\">Pobierz<\/a><\/div>\n<\/div>\n<\/div>\n","protected":false},"excerpt":{"rendered":"<p>Cewniki po\u015bredniej d\u0142ugo\u015bci Algorytmy post\u0119powania Dost\u0119p po\u015bredniej d\u0142ugo\u015bci (ang. midline catheter) &#8211; zalecenia post\u0119powania podczas prowadzenia infuzji Pobierz PDF do druku: Dost\u0119p po\u015bredniej d\u0142ugo\u015bci (ang. midline catheter) &#8211; zalecenia zmiany systemu mocuj\u0105cego Pobierz PDF do druku: Dost\u0119p po\u015bredniej d\u0142ugo\u015bci (ang. midline catheter) &#8211; zalecenia piel\u0119gnacji dla personelu medycznego Pobierz PDF do druku: Dost\u0119p po\u015bredniej d\u0142ugo\u015bci [&hellip;]<\/p>\n","protected":false},"author":1,"featured_media":0,"parent":0,"menu_order":0,"comment_status":"closed","ping_status":"closed","template":"","meta":{"_themeisle_gutenberg_block_has_review":false,"footnotes":""},"class_list":["post-259","page","type-page","status-publish","hentry"],"_links":{"self":[{"href":"https:\/\/www.ptpi.pl\/index.php\/wp-json\/wp\/v2\/pages\/259","targetHints":{"allow":["GET"]}}],"collection":[{"href":"https:\/\/www.ptpi.pl\/index.php\/wp-json\/wp\/v2\/pages"}],"about":[{"href":"https:\/\/www.ptpi.pl\/index.php\/wp-json\/wp\/v2\/types\/page"}],"author":[{"embeddable":true,"href":"https:\/\/www.ptpi.pl\/index.php\/wp-json\/wp\/v2\/users\/1"}],"replies":[{"embeddable":true,"href":"https:\/\/www.ptpi.pl\/index.php\/wp-json\/wp\/v2\/comments?post=259"}],"version-history":[{"count":7,"href":"https:\/\/www.ptpi.pl\/index.php\/wp-json\/wp\/v2\/pages\/259\/revisions"}],"predecessor-version":[{"id":541,"href":"https:\/\/www.ptpi.pl\/index.php\/wp-json\/wp\/v2\/pages\/259\/revisions\/541"}],"wp:attachment":[{"href":"https:\/\/www.ptpi.pl\/index.php\/wp-json\/wp\/v2\/media?parent=259"}],"curies":[{"name":"wp","href":"https:\/\/api.w.org\/{rel}","templated":true}]}}